{"id":80,"date":"2023-07-01T11:33:34","date_gmt":"2023-07-01T11:33:34","guid":{"rendered":"https:\/\/nortepolpas.com.br\/?page_id=80"},"modified":"2023-07-01T11:33:34","modified_gmt":"2023-07-01T11:33:34","slug":"home","status":"publish","type":"page","link":"https:\/\/nortepolpas.com.br\/blog\/home\/","title":{"rendered":"NOSSA HIST\u00d3RIA"},"content":{"rendered":"\n<p>Nossa ind\u00fastria nasceu do desejo de entregar produtos de alt\u00edssima qualidade. Fundada em 2022, com sede estrategicamente localizada na regi\u00e3o amaz\u00f4nica. Desde o in\u00edcio, o objetivo da empresa tem sido fornecer polpas de frutas de qualidade aos consumidores, preservando a riqueza natural da Amaz\u00f4nia.<\/p>\n\n\n\n<div class=\"wp-block-group\"><div class=\"wp-block-group__inner-container is-layout-constrained wp-block-group-is-layout-constrained\">\n<figure class=\"wp-block-pullquote\"><blockquote><p><strong>A empresa come\u00e7ou como uma pequena cooperativa de agricultores locais, dedicados a cultivar e colher frutas nativas da Amaz\u00f4nia. Com o passar dos anos, a Norte Polpas expandiu suas opera\u00e7\u00f5es, estabelecendo parcerias com comunidades de agricultores de toda a regi\u00e3o.<\/strong><\/p><\/blockquote><\/figure>\n\n\n\n<div class=\"wp-block-group\"><div class=\"wp-block-group__inner-container is-layout-constrained wp-block-group-is-layout-constrained\">\n<p>Em 2023, a empresa construiu sua primeira f\u00e1brica, equipada com tecnologia de ponta para processamento de polpas de frutas. Isso permitiu o aumento da capacidade de produ\u00e7\u00e3o, sendo hoje mais de 50 mil quilos por m\u00eas e a melhoria da qualidade dos produtos. Al\u00e9m disso, a Norte Polpas investiu em pesquisas para desenvolver m\u00e9todos de produ\u00e7\u00e3o sustent\u00e1veis, respeitando o ecossistema amaz\u00f4nico.<\/p>\n\n\n\n<!--more-->\n\n\n\n<blockquote class=\"wp-block-quote is-layout-flow wp-block-quote-is-layout-flow\">\n<p><strong>A reputa\u00e7\u00e3o da empresa cresceu rapidamente, e suas polpas de frutas ganharam reconhecimento por sua qualidade excepcional. Em 2023, a Norte Polpas conquistou a certifica\u00e7\u00e3o de produ\u00e7\u00e3o org\u00e2nica, destacando seu compromisso com a preserva\u00e7\u00e3o ambiental e a sa\u00fade dos consumidores.<\/strong><\/p>\n<\/blockquote>\n\n\n\n<p>Nos pr\u00f3ximos anos, a empresa ir\u00e1 expandir sua presen\u00e7a no mercado nacional e internacional. Polpa de acerola, polpa de maracuj\u00e1, polpa de cupua\u00e7u e polpa de goiaba tornaram-se populares n\u00e3o apenas por seu sabor aut\u00eantico, mas tamb\u00e9m por seus benef\u00edcios nutricionais e propriedades antioxidantes. \u00c9 por isto que a Norte Polpas mant\u00e9m parcerias sustent\u00e1veis \u200b\u200bcom agricultores locais, fornecendo treinamento e suporte t\u00e9cnico para garantir a qualidade e o manejo adequado das frutas. Al\u00e9m disso, a empresa det\u00e9m suas pr\u00f3prias planta\u00e7\u00f5es, gerando empregos, contribuindo para a melhoria da qualidade de vida das pessoas que vivem na regi\u00e3o amaz\u00f4nica.<\/p>\n\n\n\n<blockquote class=\"wp-block-quote is-layout-flow wp-block-quote-is-layout-flow\">\n<p class=\"has-text-align-right\"><strong>Atualmente, a Norte Polpas se prepara para exportar seus produtos para diversos pa\u00edses ao redor do mundo, levando o sabor e os benef\u00edcios das frutas amaz\u00f4nicas para consumidores exigentes. A empresa continua investindo em pesquisa e inova\u00e7\u00e3o, explorando novas variedades de frutas da regi\u00e3o e expandindo sua linha de produtos. Exemplo disso \u00e9 a polpa de acerola com pitaya.<\/strong><\/p>\n<\/blockquote>\n\n\n\n<p>Com um compromisso firme com a sustentabilidade e a preserva\u00e7\u00e3o da Amaz\u00f4nia, a Norte Polpas se tornou uma refer\u00eancia no setor, oferecendo polpas de frutas de alta qualidade e contribuindo para a conserva\u00e7\u00e3o do meio ambiente. A hist\u00f3ria dessa empresa \u00e9 uma hist\u00f3ria de sucesso, que combina excel\u00eancia, respeito \u00e0 natureza e compromisso com as comunidades locais.<\/p>\n<\/div><\/div>\n<\/div><\/div>\n\n\n\n<figure class=\"wp-block-image size-large\"><img decoding=\"async\" src=\"https:\/\/nortepolpas.com.br\/wp-content\/uploads\/2023\/07\/home_nortepolpas2-2-1-1-1024x564.png\" alt=\"\" class=\"wp-image-191\"\/><\/figure>\n","protected":false},"excerpt":{"rendered":"<p>Nossa ind\u00fastria nasceu do desejo de entregar produtos de alt\u00edssima qualidade. Fundada em 2022, com sede estrategicamente localizada na regi\u00e3o amaz\u00f4nica. Desde o in\u00edcio, o objetivo da empresa tem sido fornecer polpas de frutas de qualidade aos consumidores, preservando a riqueza natural da Amaz\u00f4nia. Em 2023, a empresa construiu sua primeira f\u00e1brica, equipada com tecnologia [&hellip;]<\/p>\n","protected":false},"author":1,"featured_media":0,"parent":0,"menu_order":0,"comment_status":"closed","ping_status":"closed","template":"","meta":{"footnotes":""},"class_list":["post-80","page","type-page","status-publish","hentry"],"_links":{"self":[{"href":"https:\/\/nortepolpas.com.br\/blog\/wp-json\/wp\/v2\/pages\/80","targetHints":{"allow":["GET"]}}],"collection":[{"href":"https:\/\/nortepolpas.com.br\/blog\/wp-json\/wp\/v2\/pages"}],"about":[{"href":"https:\/\/nortepolpas.com.br\/blog\/wp-json\/wp\/v2\/types\/page"}],"author":[{"embeddable":true,"href":"https:\/\/nortepolpas.com.br\/blog\/wp-json\/wp\/v2\/users\/1"}],"replies":[{"embeddable":true,"href":"https:\/\/nortepolpas.com.br\/blog\/wp-json\/wp\/v2\/comments?post=80"}],"version-history":[{"count":0,"href":"https:\/\/nortepolpas.com.br\/blog\/wp-json\/wp\/v2\/pages\/80\/revisions"}],"wp:attachment":[{"href":"https:\/\/nortepolpas.com.br\/blog\/wp-json\/wp\/v2\/media?parent=80"}],"curies":[{"name":"wp","href":"https:\/\/api.w.org\/{rel}","templated":true}]}}