{"id":51,"date":"2023-07-01T10:49:35","date_gmt":"2023-07-01T10:49:35","guid":{"rendered":"https:\/\/nortepolpas.com.br\/?page_id=51"},"modified":"2023-07-01T10:49:35","modified_gmt":"2023-07-01T10:49:35","slug":"missao","status":"publish","type":"page","link":"https:\/\/nortepolpas.com.br\/blog\/missao\/","title":{"rendered":"SOBRE N\u00d3S"},"content":{"rendered":"\n<pre class=\"wp-block-verse\"><strong>MISS\u00c3O<\/strong>\n\nA miss\u00e3o da nossa empresa \u00e9 facilitar o acesso ao que de melhor a natureza e a Amaz\u00f4nia disp\u00f5e, mantendo assim a qualidade, o sabor e seus valores nutricionais, para que desta maneira nossas polpas de frutas ajudem a melhorar a qualidade de vida das pessoas.<\/pre>\n\n\n\n<p><strong>VIS\u00c3O<\/strong><\/p>\n\n\n\n<p>Temos como vis\u00e3o levar nosso produto para todas as fam\u00edlias brasileiras, em cada estado desta grande na\u00e7\u00e3o.<\/p>\n\n\n\n<p><strong>VALORES<\/strong><\/p>\n\n\n\n<p>Respeito a vida e ao meio ambiente, responsabilidade, qualidade, comprometimento, humildade e honestidade.<\/p>\n","protected":false},"excerpt":{"rendered":"<p>MISS\u00c3O A miss\u00e3o da nossa empresa \u00e9 facilitar o acesso ao que de melhor a natureza e a Amaz\u00f4nia disp\u00f5e, mantendo assim a qualidade, o sabor e seus valores nutricionais, para que desta maneira nossas polpas de frutas ajudem a melhorar a qualidade de vida das pessoas. VIS\u00c3O Temos como vis\u00e3o levar nosso produto para [&hellip;]<\/p>\n","protected":false},"author":1,"featured_media":0,"parent":0,"menu_order":0,"comment_status":"closed","ping_status":"closed","template":"","meta":{"footnotes":""},"class_list":["post-51","page","type-page","status-publish","hentry"],"_links":{"self":[{"href":"https:\/\/nortepolpas.com.br\/blog\/wp-json\/wp\/v2\/pages\/51","targetHints":{"allow":["GET"]}}],"collection":[{"href":"https:\/\/nortepolpas.com.br\/blog\/wp-json\/wp\/v2\/pages"}],"about":[{"href":"https:\/\/nortepolpas.com.br\/blog\/wp-json\/wp\/v2\/types\/page"}],"author":[{"embeddable":true,"href":"https:\/\/nortepolpas.com.br\/blog\/wp-json\/wp\/v2\/users\/1"}],"replies":[{"embeddable":true,"href":"https:\/\/nortepolpas.com.br\/blog\/wp-json\/wp\/v2\/comments?post=51"}],"version-history":[{"count":0,"href":"https:\/\/nortepolpas.com.br\/blog\/wp-json\/wp\/v2\/pages\/51\/revisions"}],"wp:attachment":[{"href":"https:\/\/nortepolpas.com.br\/blog\/wp-json\/wp\/v2\/media?parent=51"}],"curies":[{"name":"wp","href":"https:\/\/api.w.org\/{rel}","templated":true}]}}